he tens digit of 1673459?
5
What is the thousands digit of 8610142?
0
What is the hundred thousands digit of 101059?
1
What is the hundreds digit of 21586?
5
What is the millions digit of 16180722?
6
What is the ten thousands digit of 7966035?
6
What is the tens digit of 14909810?
1
What is the units digit of 104060?
0
What is the ten thousands digit of 16748414?
4
What is the units digit of 2124459?
9
What is the hundreds digit of 392402?
4
What is the ten thousands digit of 836749?
3
What is the units digit of 1614625?
5
What is the hundreds digit of 4263182?
1
What is the hundreds digit of 9590666?
6
What is the hundreds digit of 371111?
1
What is the thousands digit of 113047?
3
What is the tens digit of 384655?
5
What is the units digit of 9018220?
0
What is the units digit of 49015?
5
What is the thousands digit of 1689389?
9
What is the thousands digit of 537157?
7
What is the units digit of 389494?
4
What is the units digit of 1612684?
4
What is the tens digit of 1400303?
0
What is the units digit of 547587?
7
What is the hundred thousands digit of 1348412?
3
What is the tens digit of 25340281?
8
What is the thousands digit of 10143374?
3
What is the thousands digit of 10215677?
5
What is the thousands digit of 241954?
1
What is the thousands digit of 383461?
3
What is the thousands digit of 947129?
7
What is the hundred thousands digit of 24171409?
1
What is the ten millions digit of 23179364?
2
What is the hundred thousands digit of 268965?
2
What is the ten thousands digit of 207201?
0
What is the millions digit of 4627789?
4
What is the hundreds digit of 32590485?
4
What is the hundreds digit of 2633091?
0
What is the ten thousands digit of 3351794?
5
What is the units digit of 16096411?
1
What is the ten thousands digit of 2262856?
6
What is the units digit of 366312?
2
What is the units digit of 30919?
9
What is the millions digit of 18254612?
8
What is the units digit of 9044383?
3
What is the hundred thousands digit of 2433346?
4
What is the tens digit of 11583886?
8
What is the ten thousands digit of 4582143?
8
What is the hundreds digit of 185738?
7
What is the ten thousands digit of 1064287?
6
What is the ten thousands digit of 20785383?
8
What is the ten millions digit of 30257143?
3
What is the tens digit of 39325378?
7
What is the hundred thousands digit of 10781334?
7
What is the ten thousands digit of 3832287?
3
What is the thousands digit of 272867?
2
What is the tens digit of 7954357?
5
What is the hundreds digit of 332173?
1
What is the tens digit of 98576?
7
What is the tens digit of 1319929?
2
What is the thousands digit of 1246219?
6
What is the tens digit of 2569280?
8
What is the tens digit of 19357989?
8
What is the units digit of 725382?
2
What is the hundred thousands digit of 779578?
7
What is the tens digit of 75062?
6
What is the tens digit of 11398949?
4
What is the hundred thousands digit of 423911?
4
What is the thousands digit of 532376?
2
What is the thousands digit of 1920346?
0
What is the tens digit of 1214766?
6
What is the thousands digit of 14269091?
9
What is the hundreds digit of 116449?
4
What is the thousands digit of 338405?
8
What is the thousands digit of 17012853?
2
What is the tens digit of 753065?
6
What is the hundred thousands digit of 384777?
3
What is the thousands digit of 1141732?
1
What is the units digit of 120194?
4
What is the units digit of 1989442?
2
What is the hundred thousands digit of 2938371?
9
What is the hundreds digit of 16058605?
6
What is the ten thousands digit of 90838?
9
What is the thousands digit of 5922861?
2
What is the thousands digit of 97598?
7
What is the thousands digit of 391507?
1
What is the tens digit of 523189?
8
What is the thousands digit of 3492810?
2
What is the hundreds digit of 416116?
1
What is the hundred thousands digit of 30594823?
5
What is the hundreds digit of 2924517?
5
What is the units digit of 8554831?
1
What is the thousands digit of 138223?
8
What is the tens digit of 593465?
6
What is the hundreds digit of 2079004?
0
What is the ten thousands digit of 7454131?
5
What is the tens digit of 3113598?
9
What is the units digit of 3416072?
2
What is the millions digit of 5484718?
5
What is the ten thousands digit of 88987?
8
What is the hundred thousands digit of 103935?
1
What is the units digit of 225795?
5
What is the units digit of 28648614?
4
What is the hundred thousands digit of 21271261?
2
What is the hundreds digit of 19631810?
8
What is the ten thousands digit of 298186?
9
What is the tens digit of 1241470?
7
What is the ten thousands digit of 1375380?
7
What is the thousands digit of 3794112?
4
What is the hundreds digit of 21800741?
7
What is the units digit of 187256?
6
What is the hundreds digit of 187224?
2
What is the units digit of 174156?
6
What is the hundred thousands digit of 177617?
1
What is the tens digit of 446506?
0
What is the hundreds digit of 355520?
5
What is the units digit of 2321194?
4
What is the millions digit of 6240001?
6
What is the tens digit of 2560237?
3
What is the millions digit of 8838419?
8
What is the hundreds digit of 31268?
2
What is the hundred thousands digit of 712874?
7
What is the units digit of 23894?
4
What is the units digit of 118566?
6
What is the ten thousands digit of 359080?
5
What is the hundreds digit of 3415522?
5
What is the hundreds digit of 26730130?
1
What is the thousands digit of 55000?
5
What is the hundred thousands digit of 23261091?
2
What is the tens digit of 307033?
3
What is the thousands digit of 2675931?
5
What is the tens digit of 4013233?
3
What is the millions digit of 4384369?
4
What is the units digit of 846329?
9
What is the ten thousands digit of 108691?
0
What is the thousands digit of 4320046?
0
What is the ten millions digit of 33096417?
3
What is the thousands digit of 138196?
8
What is the millions digit of 1419213?
1
What is the tens digit of 162585?
8
What is the tens digit of 1368070?
7
What is the tens digit of 194669?
6
What is the ten thousands digit of 393615?
9
What is the thousands digit of 1317976?
7
What is the thousands digit of 2929161?
9
What is the tens digit of 180634?
3
What is the millions digit of 9050257?
9
What is the thousands digit of 335119?
5
What is the ten thousands digit of 3789462?
8
What is the ten thousands digit of 1493084?
9
What is the thousands digit of 6451973?
1
What is the hundred thousands digit of 2632419?
6
What is the units digit of 8452264?
4
What is the units digit of 4923935?
5
What is the ten thousands digit of 136546?
3
What is the thousands digit of 1286620?
6
What is the hundred thousands digit of 442982?
4
What is the units digit of 3216446?
6
What is the tens digit of 23996328?
2
What is the tens digit of 21429771?
7
What is the thousands digit of 11702489?
2
What is the hundreds digit of 2599517?
5
What is the thousands digit of 595830?
5
What is the tens digit of 7614320?
2
What is the tens digit of 1890249?
4
What is the thousands digit of 22287030?
7
What is the hundred thousands digit of 393438?
3
What is the hundreds digit of 164563?
5
What is the hundreds digit of 813094?
0
What is the hundred thousands digit of 3539506?
5
What is the hundred thousands digit of 1263390?
2
What is the millions digit of 12528668?
2
What is the tens digit of 3034038?
3
What is the tens digit of 28478495?
9
What is the ten thousands digit of 29679?
2
What is the thousands digit of 342713?
2
What is the millions digit of 1356749?
1
What is the units digit of 465561?
1
What is the ten thousands digit of 4492596?
9
What is the hundreds digit of 180342?
3
What is the tens digit of 335763?
6
What is the units digit of 173720?
0
What is the tens digit of 7698090?
9
What is the thousands digit of 5475520?
5
What is the units digit of 3317896?
6
What is the hundred thousands digit of 2318121?
3
What is the hundred thousands digit of 131932?
1
What is the hundreds digit of 403112?
1
What is the units digit of 445722?
2
What is the units digit of 2788303?
3
What is the hundreds digit of 236440?
4
What is the millions digit of 4735214?
4
What is the hundred thousands digit of 2955524?
9
What is the tens digit of 4401981?
8
What is the thousands digit of 905447?
5
What is the hundred thousands digit of 1074544?
0
W